/(-29225)) - 6 is divided by 104.
79
Let g = 90 - 61. Suppose 37*q = 449 + 143. Calculate the remainder when g is divided by q.
13
Suppose 0 = -4*c - 2*z + 80, 0*z = -4*c + 4*z + 56. Suppose 3*g = -d + 4, 16*g = -2*d + c*g + 8. What is the remainder when 7 is divided by d?
3
Let t be (-1220)/(-140) + (-2)/(-7). Suppose 0 = -t*y + 614 - 191. What is the remainder when 231 is divided by y?
43
Let l(p) = 6*p + 1715. Let m be l(0). Let f = m - 1120. Calculate the remainder when f is divided by 23.
20
Suppose 13*k + 30 = 18*k, 3*s + k - 5844 = 0. What is the remainder when s is divided by 75?
71
Suppose 5426 = 14*l - 10*l - 2*q, 5*l - 6780 = 2*q. Calculate the remainder when l is divided by 16.
10
Let q = -240 - -120. Let d = -119 - q. Calculate the remainder when 7/4 + 2/8 is divided by d.
0
Let w = -12334 - -13267. What is the remainder when 938 is divided by w?
5
Let v be -1 + (-60)/(-52) + 2804/26. Let q = -92 + v. Let t = 60 + 35. Calculate the remainder when t is divided by q.
15
Let s(g) = -4*g + 60. Let k be s(-12). Suppose -k = -67*t + 63*t. Calculate the remainder when 76 is divided by t.
22
Let g(l) be the second derivative of -19/2*l**2 + 17/3*l**3 - 6*l + 0. Calculate the remainder when g(3) is divided by 18.
11
Suppose -1162 + 382 = -78*t. Suppose -g = -3*f - 1, f + 3 = -2*g + 2*f. What is the remainder when ((-2)/(-4))/(g/(-152)) is divided by t?
8
Let t(c) = -10*c**2 - 18 - c**3 + 2 + 6*c + 2. What is the remainder when t(-11) is divided by (-3 + 9)/(1 + 0)?
5
Let j = 255 - 252. Suppose 10*t - 357 = j*t. What is the remainder when 253 is divided by t?
49
Let t be (-1)/(3 + (-176)/58). Let u = 31 - t. Suppose 0 = 5*b - 2*b - 4*r + u, -2*b - 2*r + 8 = 0. What is the remainder when 6 is divided by b?
0
Suppose 14351 = 119*q + 5664. What is the remainder when 289 is divided by q?
70
Let q be (-1)/((4/(-12))/(-1)) + -39. What is the remainder when 165 is divided by (-36)/q*(-98)/(-3)?
25
Let q(o) = -18*o**3 + o**2 + 2*o + 2. Let n(i) = -i**3 - 30*i**2 + 28*i - 86. Calculate the remainder when q(-1) is divided by n(-31).
5
Let v = 659 + -415. Suppose -5*o + v = 3*n, -n = -2*o + 3*o - 48. Calculate the remainder when o is divided by 1620/63 + (-4)/(-14).
24
Let y = 13174 + -13075. Let q = -3 - -1. What is the remainder when y is divided by (-25)/((-1 + 3)/q)?
24
Let q = -18809 - -18873. Calculate the remainder when 576 is divided by q.
0
Suppose 0 = x + 4*g + 115, -2*x - 2*g - 242 = 3*g. Let v be 202 + (-12)/(-3) + -4. Let o = v + x. Calculate the remainder when o is divided by 24.
23
Suppose -4*r - 29218 = -2*g, -2*g + r + 14237 = -14963. What is the remainder when g is divided by 10?
7
Let u(t) = 10*t**2 - 64*t + 6. Calculate the remainder when 2389 is divided by u(-1).
69
Let s = 542 + -464. Calculate the remainder when 610 is divided by s.
64
Let q(r) = 6*r**2 - 5*r - 28. Let j(m) = 26*m**2 - 21*m - 113. Let d(n) = -2*j(n) + 9*q(n). What is the remainder when d(-5) is divided by 10?
9
Suppose -286 = 9*r + 641. Let g = r + 133. Let a(k) = -k**2 + k + 117. Calculate the remainder when a(0) is divided by g.
27
Let m be ((-414)/(-3) - 4) + 1. Let r be 8/(-3)*m/18. Calculate the remainder when 20 is divided by 2 + 2*r/(-8).
6
Suppose 35*m - 1738 = 432. Calculate the remainder when 278 is divided by m.
30
Let g(o) = -2*o - 6. Let u be g(-8). Let h(i) = -i**3 + 11*i**2 - 2*i - 31. Calculate the remainder when h(u) is divided by 25.
24
Let w be ((5 - 5)/4)/(-1). Suppose -13*k + 17*k - 432 = w. What is the remainder when k is divided by 23?
16
Calculate the remainder when (-7)/(-6) + ((-29029)/(-66) - 27) is divided by 63.
36
Let q be 6*(0 + (-5)/15)/(-1). Suppose -4*a - b = -449, b + 0*b - 227 = -q*a. What is the remainder when a is divided by 16?
15
Let z be (0 + (2 - 8))/(-2). Suppose -3*y - r = -71, 2*y + 2*r - 54 = z*r. What is the remainder when 447 is divided by y?
22
Suppose -2*u = -2*s - 1718, u - 4*u = 5*s - 2513. Calculate the remainder when u is divided by 279.
14
Suppose 57838 = 12635*a - 12393*a. Suppose 4*w = 5*j + 165, 3*w - 2*w - 2*j - 42 = 0. Calculate the remainder when a is divided by w.
39
What is the remainder when ((-3532)/2)/((-968)/56 - -17) is divided by 27?
25
Suppose 91 + 973 = 118*h - 42*h. Calculate the remainder when 48788 is divided by h.
12
Suppose 110*i - 15*i = 14031 + 4304. Calculate the remainder when 5402 is divided by i.
191
Suppose 8 = v - 9. Suppose -8*u + v*u + 324 = 0. Calculate the remainder when (3*8/u)/((-2)/108) is divided by 13.
10
Suppose 45*v - 831 = 2618 - 1062 + 3733. Let c = 2 + 4. What is the remainder when v is divided by c?
4
Let c(a) = 6*a**2 + 3*a + 1 - 2*a**2 - 3*a**2 + 3. Suppose -53 = -19*q - 243. What is the remainder when c(q) is divided by 25?
24
Let h(y) = -y**3 + 144*y**2 + 181*y - 1829. What is the remainder when h(145) is divided by 85?
76
Suppose 22*k - 1011 + 273 - 208 = 0. Calculate the remainder when 2062 is divided by k.
41
Let s = 9839 - 9726. Calculate the remainder when 12315 is divided by s.
111
Let h = -62211 + 62249. What is the remainder when h is divided by (-255)/(-20) + (-1)/(-4)?
12
What is the remainder when 313 is divided by (5 - (8 - (8 + -4)))/(5/10)?
1
Let y = -93 - 87. Let n(s) = 2*s**2 - 3*s + 47. What is the remainder when n(0) is divided by (12/30)/((-3)/y)?
23
Let i(z) = -z**3 + 5*z**2 - z + 4. Let g(a) = 3*a**3 + 691*a**2 + 225*a - 1126. What is the remainder when g(-230) is divided by i(4)?
8
Let d = -6161 + 6183. Calculate the remainder when 239 is divided by d.
19
Let z be ((-6)/(-10))/(((-56)/(-14))/1740). Let k = 266 - z. Let r = -12 + 33. What is the remainder when r is divided by k?
1
Let h be (82/3)/(4/6). Suppose 3*b = h - 38. What is the remainder when (b + -62)/((-12)/4 + 2) is divided by 16?
13
Calculate the remainder when (96/(-60)*225/10)/((-3)/44) is divided by 42.
24
Suppose -144*p = -121*p - 299. What is the remainder when 792 is divided by p?
12
Let w = -7292 + 7648. Calculate the remainder when w is divided by 67.
21
Let k = -2071 - -1394. Let h = -77 - k. Calculate the remainder when h is divided by 86.
84
Let b(t) = 4*t - 15. Let s(q) = -14*q + 101. Let u be s(7). What is the remainder when (-6 + (4 - u))/(2/(-10)) is divided by b(7)?
12
Let g = 60 - 65. Let x = g + 11. Let v(r) = -r**3 + 8*r**2 - 6*r - 1. Calculate the remainder when 136 is divided by v(x).
31
Let x = -11830 + 15835. What is the remainder when x is divided by 1332?
9
Let g(x) = -2*x**3 - 9*x**2 + 44. What is the remainder when g(-6) is divided by 16 - (4 - 4/2)?
12
Suppose 0 = 10*p - 117 - 93. Let g = 228 + -220. Calculate the remainder when p is divided by g.
5
Let j(s) = 2*s**3 + 17*s**2 + 13*s - 58. What is the remainder when 560 is divided by j(-5)?
40
Suppose 0 = o + 5*h - 1023, -4*o - h + 4908 = 854. What is the remainder when o is divided by 9?
5
Let q(x) = -265*x - 371. What is the remainder when 1412 is divided by q(-2)?
140
What is the remainder when 425 is divided by 3*85/(-204) - 45/(-4)?
5
Calculate the remainder when (-10)/35 + (-101450)/(-70) is divided by 12.
9
Let l be -2 + (14/3)/((-2)/(-3)). Suppose 2*h = -l*f + 62, 2*h + 4*f - 45 - 13 = 0. Let q = 50 - h. What is the remainder when q is divided by 8?
5
Let z = -7487 - -7508. Calculate the remainder when 6719 is divided by z.
20
Suppose 3*l - z - 7323 = 21142, -2*l + z = -18976. What is the remainder when l is divided by 130?
129
Let r = -16073 + 16197. Let b be (-2 + 0)/(-2)*5. Calculate the remainder when r is divided by (-1 - b)/((-2)/14).
40
Let h(y) = 2*y**2 - 30*y - 258. Calculate the remainder when h(-8) is divided by 19.
15
Suppose -4*m + 1594 = 3*t, -5*t - 810 = 72*m - 74*m. Let x(r) = r**2 + 4*r + 9. Calculate the remainder when m is divided by x(-5).
8
Suppose -r = 2*r - 639. Suppose -3*b - r = -6*b. Calculate the remainder when b is divided by 9.
8
Suppose x = 2*d + 52, -2*d - x = 46 + 10. Let s = d + 34. Suppose 72 = s*q - 19. Calculate the remainder when 38 is divided by q.
12
Let n be (-2237)/(-8) + 18/48. Suppose 132*a = 136*a - n. Calculate the remainder when a is divided by 15.
10
Let j(o) = 3 - 4 + 0*o + 12*o. Suppose 0*c + 189 = 27*c. What is the remainder when j(4) is divided by c?
5
Suppose -5*l = -2*o + 21, -o + 2*l - 6 = 5*l. Suppose 0 = -3*s + o, 0 = -4*c - 0*s - s